at is -200001 - -2222202211022?
2222202011021
In base 16, what is -f98 + 368f?
26f7
In base 4, what is -20321 + -132023210?
-132110131
In base 16, what is 1f41b2 - 13?
1f419f
In base 15, what is 79 + -21c29?
-21ba0
In base 3, what is 20100201222 - -1011?
20100210010
In base 3, what is 12200122021 + -211021?
12122211000
In base 13, what is -2037c - -374?
-20008
In base 8, what is 3456 - 6322?
-2644
In base 2, what is -100001011000110101110010 - 100?
-100001011000110101110110
In base 3, what is 10001212012 + -101102102?
2200102210
In base 8, what is -42 - 5322674?
-5322736
In base 6, what is -1032 + 1134553?
1133521
In base 2, what is -10 + -1100011010010011111001011?
-1100011010010011111001101
In base 14, what is 49 + 10d41b?
10d466
In base 2, what is 1001010010010000 + -11000011111100?
110001110010100
In base 15, what is 2 + -46b8ea?
-46b8e8
In base 2, what is -1 - -110101001001001000100001?
110101001001001000100000
In base 3, what is -120022110111101002 - 2?
-120022110111101011
In base 2, what is 111101110010101011101100 + 110?
111101110010101011110010
In base 10, what is -187953 - -817?
-187136
In base 9, what is 103587616 + -1?
103587615
In base 15, what is -2a63 - -1226?
-183c
In base 12, what is 2 + -454b20b?
-454b209
In base 8, what is -3 + -40217335?
-40217340
In base 4, what is -3 - 23030313133?
-23030313202
In base 11, what is 11640a53 - -6?
11640a59
In base 15, what is 21b1 - -15020?
171d1
In base 14, what is 1507b933 + -3?
1507b930
In base 5, what is -241 + 3010303?
3010012
In base 4, what is -22010 - -122000002?
121311332
In base 8, what is 1331 + -74316?
-72765
In base 5, what is -34 - -3234122330?
3234122241
In base 4, what is -231230110 - 13?
-231230123
In base 4, what is -21110 - -10210203?
10123033
In base 9, what is -501820 + 768?
-501041
In base 5, what is -2103 - 20041044?
-20043202
In base 6, what is -1215 - -1100221?
1055002
In base 13, what is 6c99 - 23?
6c76
In base 2, what is -10011011110010000110010 - 0?
-10011011110010000110010
In base 6, what is -5103504 - 1203?
-5105111
In base 7, what is -4221 + -23230?
-30451
In base 11, what is 39671a821 + 4?
39671a825
In base 4, what is 31 - -3022222022?
3022222113
In base 6, what is -31255544525 + 2?
-31255544523
In base 9, what is -457 - 1760161?
-1760628
In base 6, what is -4421 + 422103?
413242
In base 7, what is 5 - -221331145?
221331153
In base 8, what is -535006 - -42?
-534744
In base 8, what is -144475 - -41?
-144434
In base 14, what is 9ca5 - -7b7?
a67c
In base 6, what is -20 + 5030435?
5030415
In base 16, what is -112 - 2545ad?
-2546bf
In base 7, what is 3620030 - 3?
3620024
In base 4, what is 1132202111 + 30?
1132202201
In base 5, what is -34 - -11212142122?
11212142033
In base 4, what is -3230023 - -3231310?
1221
In base 3, what is -110 - 20102100022221?
-20102100100101
In base 11, what is 108899 + -161?
108738
In base 15, what is -73cb4 + -2ed?
-740b2
In base 12, what is -6a - -5ba81b?
5ba771
In base 5, what is -32344341 - 4031?
-32403422
In base 3, what is 1100101201200021 - 101?
1100101201122220
In base 14, what is -2470 + 1125?
-1349
In base 7, what is -33 - -4014630?
4014564
In base 5, what is -2210 - 322144103?
-322201313
In base 14, what is -3 + 20d9a4?
20d9a1
In base 3, what is -21220010 - -22101121?
111111
In base 16, what is -3a754 + -2?
-3a756
In base 13, what is -4813 + -245?
-4a58
In base 2, what is -100 + -11011000001011110100110?
-11011000001011110101010
In base 12, what is -a8b076 + -75?
-a8b12b
In base 11, what is 29651 + 465?
2a006
In base 14, what is -254 - -94524?
942b0
In base 3, what is -202 - 110022101122201?
-110022101200110
In base 10, what is -2276855 - 2?
-2276857
In base 4, what is -112 + 222112013322?
222112013210
In base 8, what is 4 - -3326044?
3326050
In base 5, what is 424244 - 12344?
411400
In base 13, what is 1482058a4 + -3?
1482058a1
In base 10, what is -5 - 5603244?
-5603249
In base 13, what is -19 - 315215?
-315231
In base 4, what is 1003323203220 + -11?
1003323203203
In base 2, what is -1011000110000001000001 + 1001011?
-1011000101111111110110
In base 12, what is -149160064 - 4?
-149160068
In base 14, what is 3409d8 + 4?
3409dc
In base 8, what is 23373 + 130446?
154041
In base 2, what is -11110100 - 10101110000?
-11001100100
In base 13, what is -43c483 + -29?
-43c4ac
In base 11, what is -16868055 + -10?
-16868065
In base 11, what is -a8006 + -25?
-a8030
In base 7, what is -5 + -22444645?
-22444653
In base 10, what is 3 + -210191?
-210188
In base 9, what is -5 - 14143001?
-14143006
In base 11, what is -3 + 28886?
28883
In base 2, what is 100111100110001110 - 10011010001?
100111010010111101
In base 15, what is d6dcb - -70?
d6e4b
In base 3, what is 1012021 - 20001001?
-11211210
In base 4, what is 10312313301 - -3?
10312313310
In base 4, what is -132 - -23113130203?
23113130011
In base 16, what is -2a9 + 9ba?
711
In base 3, what is -1121221 - -11110020?
2211022
In base 16, what is -7 + -519ef53?
-519ef5a
In base 8, what is -124047040 - 5?
-124047045
In base 2, what is 100 - 110011100101110000011?
-110011100101101111111
In base 15, what is -25 - 132974?
-132999
In base 6, what is 1313120224 - 3?
1313120221
In base 8, what is 133021700 + 13?
133021713
In base 16, what is -17ef3b4 + 3?
-17ef3b1
In base 6, what is 130 + 204245054?
204245224
In base 3, what is 100000212 + -20222102010?
-20122101021
In base 7, what is 23506 - 5123?
15353
In base 3, what is -1110 + 1121000200?
1120222020
In base 8, what is 3 + -21471300?
-21471275
In base 11, what is -1a98219 - 5?
-1a98223
In base 14, what is -8da4 + -257d?
-b543
In base 14, what is -117 - -28d7b3?
28d69a
In base 8, what is -24541267 + -7?
-24541276
In base 16, what is 3 - 2d637f1?
-2d637ee
In base 2, what is -111111000111110 - -1000001?
-111110111111101
In base 8, what is 10 + 5721571?
5721601
In base 7, what is -24256021 - 4?
-24256025
In base 15, what is 2e4955 - 118?
2e483c
In base 7, what is 53 - -120402160?
120402243
In base 5, what is 2 - 12434024033?
-12434024031
In base 7, what is 24563423 - -124?
24563550
In base 7, what is 3 + -45531015?
-45531012
In base 16, what is -619ff - 4?
-61a03
In base 14, what is -8669ad2 + -3?
-8669ad5
In base 10, what is 0 - -2477962?
2477962
In base 7, what is -4 + -3516010?
-3516014
In base 3, what is 1211100110112 - -201?
1211100111020
In base 2, what is 1001111111110000010100000010 - 1?
1001111111110000010100000001
In base 8, what is 14645362 - 153?
14645207
In base 12, what is -10 + -36031b4?
-3603204
In base 3, what is 1221101 + -11201?
1202200
In base 10, what is 6488731 - 1?
6488730
In base 9, what is 5 + -1477732?
-1477726
In base 12, what is 3 + 1bb6a076?
1bb6a079
In base 7, what is 6 - 20510335?
-20510326
In base 7, what is -34330555 - 315?
-34331203
In base 3, what is 211202212001 + 21?
211202212022
In base 13, what is 1472 + 3c233?
406a5
In base 3, what is 1111 - 11111121001222?
-11111121000111
In base 11, what is -111 - -1309334?
1309223
In base 12, what is 596 - 189473?
-188a99
In base 11, what is -191a - 19989?
-207a8
In base 5, what is 303111 - 111020?
142041
In base 13, what is -a71a341b - 4?
-a71a3422
In base 10, what is -7 - 46461159?
-46461166
In base 4, what is 2100 + -12133101?
-12131001
In base 3, what is -2012212 - 111212?
-2201201
In base 13, what is 5678 + -286?
53c2
In base 7, what is 3611160302 + -5?
3611160264
In base 3, what is 10201 - -11001222221?
11002010122
In base 9, what is 42204683 + 0?
42204683
In base 5, what is 12441 - 400242?
-332301
In base 6, what is 3051 - 2355312?
-2352221
In base 8, what is -26 - 2034323?
-2034351
In base 5, what is 1314 + 3340043?
3341412
In base 6, what is 241325051 - -125?
241325220
In base 7, what is -626622251 - -3?
-626622245
In base 15, what is 1a + -2d23e6?
-2d23cb
In base 6, what is -4 + 400530430?
400530422
In base 10, what is -2074 - -62469?
60395
In base 8, what is 162 - -116210?
116372
In base 5, what is -20104443101 + -10?
-20104443111
In base 9, what is 705183 - 60?
705123
In base 9, what is -364027037 + 3?
-364027034
In base 4, what is -1133 + -1311320120?
-1311321313
In base 2, what is -101100010100 + 110011011001011?
101101110110111
In base 4, what is -1 - -223223133323?
223223133322
In base 2, what is 1110 - 1001000011001001011011?
-1001000011001001001101
In base 